e 3, what is 1000201221 - -1?
1000201222
In base 9, what is 5 + -118654?
-118648
In base 11, what is 3 - -a23?
a26
In base 15, what is -3 - -2586?
2583
In base 2, what is 110101001101001110011010 - 100?
110101001101001110010110
In base 2, what is -11 - -1110010010001?
1110010001110
In base 13, what is 55c7 - 2?
55c5
In base 8, what is -10747 - 16?
-10765
In base 10, what is -2993 + -151?
-3144
In base 15, what is 4 - -502e?
5033
In base 4, what is 312 - -12213?
13131
In base 13, what is 178819 + 2?
17881b
In base 6, what is -1223353 - 31?
-1223424
In base 15, what is -2ec + 189?
-163
In base 5, what is 0 + 1341301?
1341301
In base 9, what is -253878 + 4?
-253874
In base 12, what is -49130 - 1?
-49131
In base 5, what is 22204210 + 2?
22204212
In base 15, what is -4 - -1ca37?
1ca33
In base 12, what is -10 - -740?
730
In base 12, what is -6 - 4a90?
-4a96
In base 4, what is 13230 - 232?
12332
In base 2, what is -10 + 11100011101110000?
11100011101101110
In base 11, what is 18a6 + -783?
1123
In base 14, what is -5 - -28827?
28822
In base 10, what is 3 + 5431?
5434
In base 13, what is ab27 + -1?
ab26
In base 2, what is 1111101 - 110010000?
-100010011
In base 10, what is 1966144 - -3?
1966147
In base 11, what is 1774511 - 1?
1774510
In base 6, what is 33201 + 213?
33414
In base 6, what is 20413 + -131?
20242
In base 13, what is 76 - 14a?
-a4
In base 11, what is a - 627a?
-6270
In base 13, what is 15 - 2406b?
-24056
In base 7, what is 3466 - 26?
3440
In base 4, what is 211031 + -313?
210112
In base 2, what is 101 + -110100001111111011?
-110100001111110110
In base 12, what is 24b77 + -5?
24b72
In base 3, what is -22221202212 + 102?
-22221202110
In base 9, what is -1 - -47087?
47086
In base 3, what is 10122222 + 22?
10200021
In base 3, what is -120 + 10022012?
10021122
In base 12, what is -82996 + 2?
-82994
In base 6, what is 51334 + -33?
51301
In base 6, what is -1113551 - 10?
-1114001
In base 6, what is 1420022 + 5?
1420031
In base 2, what is -10101101100000101 - 0?
-10101101100000101
In base 10, what is -1 - 317438?
-317439
In base 14, what is -5 + 1a87c?
1a877
In base 2, what is 11001 + 11000?
110001
In base 13, what is -443 + 14?
-42c
In base 13, what is 18b + -26?
165
In base 14, what is b08 + -28?
ac0
In base 4, what is 12022300 + 1?
12022301
In base 9, what is -24 + -243?
-267
In base 2, what is 110010010011001 + 110111?
110010011010000
In base 2, what is 1010010101101010 + 110?
1010010101110000
In base 10, what is 7725 - -1?
7726
In base 12, what is 3075a + 4?
30762
In base 14, what is 36c + b0?
43c
In base 11, what is -3a0 - -1408?
1018
In base 5, what is 4 + -232034?
-232030
In base 14, what is 4084 - 69?
4019
In base 3, what is -11112 + -1002022?
-1020211
In base 13, what is 1c6 + 84?
27a
In base 6, what is -115432 - 0?
-115432
In base 14, what is 122 + 56?
178
In base 5, what is -301133 + 0?
-301133
In base 12, what is 21a68 + 2?
21a6a
In base 10, what is 3 + 353702?
353705
In base 4, what is 0 + 30300213?
30300213
In base 12, what is -5584a - 3?
-55851
In base 16, what is 41 + -161?
-120
In base 4, what is -301 + -1330022?
-1330323
In base 16, what is -6 + -12fc?
-1302
In base 2, what is -11110011 + -1000010000?
-1100000011
In base 2, what is -100001110000010 + 1?
-100001110000001
In base 9, what is -2220443 - -5?
-2220437
In base 4, what is -1023 + 1001?
-22
In base 4, what is 30233 + 2320?
33213
In base 15, what is 5 + -ba15?
-ba10
In base 13, what is -4636 - 7?
-4640
In base 7, what is 34315 + -4?
34311
In base 16, what is -1f6b0 - 2?
-1f6b2
In base 2, what is -1011110000111100 + 1010?
-1011110000110010
In base 10, what is 873 - 407?
466
In base 3, what is 1201021212 - -200?
1201022112
In base 12, what is 460 - -a?
46a
In base 15, what is -150d - -5?
-1508
In base 7, what is 14 - 1236544?
-1236530
In base 5, what is -1012444 + -1303?
-1014302
In base 10, what is 15 + 2362?
2377
In base 10, what is 1384 - -192?
1576
In base 4, what is 10 - 123033121?
-123033111
In base 12, what is 0 + -155b4?
-155b4
In base 7, what is -1453123 - -5?
-1453115
In base 15, what is 17 - e7c3?
-e7ab
In base 10, what is -783094 + 3?
-783091
In base 9, what is -4 + -287102?
-287106
In base 16, what is -159 + -f1?
-24a
In base 7, what is -4 + -303024?
-303031
In base 9, what is -14 - 67415?
-67430
In base 13, what is -377 - 13?
-38a
In base 9, what is 20 - 3284?
-3264
In base 15, what is -2785 + -4?
-2789
In base 15, what is -657 + 14?
-643
In base 12, what is -58 - 83b?
-897
In base 15, what is 5d5 - 1b?
5b9
In base 3, what is -1100122120 - -12?
-1100122101
In base 16, what is b496 - d?
b489
In base 13, what is 5b92 + 1?
5b93
In base 7, what is -224 + -130402?
-130626
In base 10, what is 64 + 2800?
2864
In base 16, what is -3 - 71eb?
-71ee
In base 16, what is 3ce - -134?
502
In base 15, what is -5 - 43a8?
-43ad
In base 10, what is -30077 - 13?
-30090
In base 11, what is 24003 - -13?
24016
In base 16, what is 329 - 8c?
29d
In base 9, what is -344 + 2735?
2381
In base 11, what is 39 + 1371?
13aa
In base 4, what is 10 - 220113130?
-220113120
In base 10, what is 30151 - 19?
30132
In base 6, what is -1 + -103153?
-103154
In base 16, what is -7 - 3b3?
-3ba
In base 3, what is 210210201 - 1?
210210200
In base 7, what is 1266340 - 10?
1266330
In base 6, what is 1 + 32403?
32404
In base 4, what is 11 - -123132131?
123132202
In base 6, what is -441002 + 0?
-441002
In base 11, what is 2248 - 816?
1532
In base 16, what is -13 - -5f?
4c
In base 5, what is -214442 + 13?
-214424
In base 16, what is 1 - -5b79?
5b7a
In base 7, what is -3132 + -1252?
-4414
In base 16, what is -5 + -1f8c?
-1f91
In base 13, what is 18 - 75a8?
-7590
In base 16, what is 29 - -13dc?
1405
In base 3, what is -10 - 202201201?
-202201211
In base 7, what is -3363341 - 11?
-3363352
In base 3, what is -2121120222 + 1012?
-2121112210
In base 9, what is 280578 - -12?
280601
In base 2, what is 101 + -101001001010?
-101001000101
In base 7, what is 202 + 164?
366
In base 11, what is 0 - -160a03?
160a03
In base 15, what is -35 - -1d62?
1d2c
In base 14, what is -5 - 6201?
-6206
In base 16, what is -6f3c + 5?
-6f37
In base 10, what is 15 - -1835?
1850
In base 12, what is 5897 - 11?
5886
In base 6, what is -151203 + 41?
-151122
In base 13, what is 64356 - 5?
64351
In base 15, what is 99c + b?
9a8
In base 8, what is -124 + 743?
617
In base 12, what is 14bb3 + 4?
14bb7
In base 9, what is 7 + 125740?
125747
In base 12, what is 12682 - 4?
1267a
In base 15, what is -2d9 - 38?
-322
In base 3, what is 10112112100 + 11?
10112112111
In base 9, what is 3 + -87573?
-87570
In base 4, what is 0 - -3213331321?
3213331321
In base 14, what is 1b5d - 8?
1b55
In base 3, what is -2002110000021 + 11?
-2002110000010
In base 15, what is -8d + 332?
294
In base 11, what is -794 + -1333?
-2017
In base 15, what is -3 - 8222?
-8225
In base 13, what is 441 + -7?
437
In base 9, what is 1 - -225775?
225776
In base 9, what is 230 + 5?
235
In base 14, what is -c + -c6745?
-c6753
In base 4, what is 2002130103 - -2?
2002130111
In base 2, what is -11 - -1111010110101?
1111010110010
In base 9, what is 8855 - -34?
10000
In base 16, what is 6a64 + -4?
6a60
In base 6, what is -1 - 1403342?
-1403343
In base 8, what is -1061 + 24?
-1035
In base 16, what is 0 + -21e8?
-21e8
In base 10, what is -7 + 10344?
10337
In base 7, what is -21 - -4253?
4232
In base 16, what is 1b9 - -32?
1eb
In base 7, what is 45352 - -252?
45634
In base 2, what is -1110001101010 + 1000?
-1110001100010
In base 12, what is -3a67 + 1?
-3a66
In base 14, what is -1948d + -4?
-19493
In base 7, what is 12 + -3003?
-2661
In base 15, what is 5 - 1e74bb?
-1e74b6
In base 6, what is -14 + -240420?
-240434
In base 14, what is -7 + -42b4?
-42bb
In base 2, what is 1010011111100001 - -1011?
1010011111101100
In base 2, what is 111011001101 - -111?
111011010100
In base 11, what is 3671901 - -1?
3671902
In base 13, what is -1 - 512a?
-512b
In base 8, what is 234576 + 5?
234603
In base 8, what is 36 - -26620?
26656
In base 10, what is 4763 - 5?
4758
In base 6, what is -1 + 25504?
25503
In base 15, what is -1c42 + -1a?
-1c5c
In base 8, what is 6065422 + 2?
6065424
In base 8, what is 6 + -1203457?
-1203451
In base 12, what is 3 + 73621?
73624
In base 15, what is 584 - 80?
504
In base 16, what is 2 - 